2*v = -6*v - 12, -18 = h + 5*v. Suppose 177 = h*n - 5*u, 4*n = -n - 5*u + 495. What is the highest common factor of 12 and n?
12
Let z be 4/(-8) + 9/2. Let p be ((-2272)/(-710))/(((-18)/15)/(-3)). What is the greatest common divisor of p and z?
4
Let q(f) = f**3 - 6*f**2 + 2*f + 19. Let a be q(6). Suppose 2*w - 3 = a. Calculate the greatest common divisor of 68 and w.
17
Suppose u = -2*z - z + 365, 0 = 5*u + 3*z - 1873. Calculate the highest common factor of u and 13.
13
Let l(p) = 7 + 9*p - 2*p - p + p**2 + p. Let x be l(-8). Let b be x + (-3 - 12/(-3)). Calculate the highest common factor of 32 and b.
16
Let j = 160 - 148. Suppose -8*k + 4*k + 1248 = 0. Let w = 444 - k. What is the greatest common divisor of w and j?
12
Let v(p) = -p**2 + 52*p. Let w be v(28). Calculate the greatest common factor of w and 8.
8
Let w = 61 + -43. Let x be 18/(3/(-18)*-3). Calculate the greatest common divisor of w and x.
18
Let u(p) = 3*p. Let i be u(-1). Let b(d) = d**2 - d - 4. Let r be b(i). Suppose l + 5*t - 4 = 0, -t = 2*t. What is the highest common divisor of r and l?
4
Suppose 3*y = -4*f + 206, y - 4*f - 56 = f. Suppose q = 4*q - y. Calculate the highest common factor of q and 110.
22
Let l = -228 - -444. Suppose 0 = 3*d - 0*d - l. Suppose 4*p - 34 = -t + 6*p, 0 = -2*p - 10. What is the greatest common divisor of d and t?
24
Let g(p) = 5*p**2 - 9*p - 2. Suppose 0 = -4*u - 4*c + 36, -3 = -3*u + 3*c + 42. Let m = u - 18. Let f be g(m). What is the highest common divisor of 29 and f?
29
Let k = -213 - -485. Let b = k - 173. Calculate the greatest common divisor of b and 9.
9
Suppose 2*z = 6 + 8. Suppose z + 30 = b - 5*k, 0 = -b - k + 31. Calculate the highest common factor of b and 8.
8
Suppose 2*s = w + 12 - 114, 3*w - 4*s - 308 = 0. Suppose -3*m + 40 + w = 0. Calculate the greatest common divisor of m and 72.
24
Suppose i - 23 + 17 = 0. Suppose 3*l = i*f - f - 50, 0 = -2*l. Calculate the greatest common factor of f and 2.
2
Let y(z) = -20*z - 116. Let o be y(-6). Calculate the greatest common divisor of o and 10.
2
Let v(q) = q**2 + 15*q + 12. Let r be v(-15). What is the highest common divisor of r and 516?
12
Let v be (-3)/((-3)/1)*-3 + 729. What is the highest common divisor of 6 and v?
6
Let b be (-8 + 252/27)*63. What is the highest common divisor of 63 and b?
21
Let o(w) = -34*w + 4. Let j be o(-2). Let l be (-4)/8*14*1. Let p = 16 + l. What is the greatest common divisor of j and p?
9
Let n = -2502 - -3762. Let h be n/33 + 2/(-11). Suppose h - 118 = -2*j. What is the highest common factor of j and 5?
5
Suppose -32*x = -13017 - 21863. What is the highest common divisor of 30 and x?
10
Suppose 4*b - 3 - 5 = 0. Let w be 8*(b - -6) - 0. Suppose -4*r + w = -44. Calculate the greatest common divisor of r and 81.
27
Let h(m) = 7*m**3 + 16 + 9*m - 2*m**3 - 3*m**3 + 0*m**3 + 17*m**2. Let r be h(-8). What is the greatest common divisor of r and 8?
8
Let i = -854 - -1079. Calculate the greatest common factor of i and 9.
9
Suppose 16 = -4*n, -46 = -x - 4*x + 4*n. Suppose 52 + 8 = x*t. Let r(z) = 11*z**2 + 4*z + 3. Let d be r(-3). Calculate the highest common factor of d and t.
10
Let n be 57/(-6)*(0/1 + -2). What is the greatest common divisor of n and 988?
19
Let a = -35 + 155. Calculate the highest common divisor of a and 15.
15
Let u be 5*(912/10)/(-6). Let r = -43 - u. Calculate the highest common factor of r and 66.
33
Let u be 1 + (16/24)/(2/24). Suppose -p + 17 = b + 7, 2*p = 5*b - 8. Calculate the greatest common divisor of u and p.
3
Suppose 6 - 18 = 2*v. Let l(j) = -19*j - 4. Let x(z) = 9*z + 2. Let q(m) = v*l(m) - 13*x(m). Let h be q(-2). Calculate the highest common factor of h and 20.
4
Let m be (-56)/(32/(-4)) - -41. Let n(p) = -p**3 + 12*p**2 - 7*p + 9. Let j be n(6). Suppose -j = -5*q + 177. Calculate the highest common divisor of q and m.
24
Let g be 30*12/10 - 8. What is the highest common factor of g and 224?
28
Let w(y) = y**3 - 2*y**2 + 2*y - 4. Let f be w(3). Let n = 188 + -384. Let a be ((-11)/(-4))/((-7)/n). Calculate the greatest common factor of a and f.
11
Let a(b) = 2 - b**2 - 8 - 4 + 0 - 19*b. Let w be a(-11). Let v be (56/42)/(4/w). Calculate the greatest common factor of 13 and v.
13
Let n(j) = -j**3 + j**2 + j + 22. Let s be n(0). Suppose 16*z - 248 = 8*z. Let f = z + 57. What is the greatest common factor of f and s?
22
Let u be 5*3/(-9)*-57. Calculate the greatest common factor of 855 and u.
95
Suppose 4*p - 9 = 3, 3*w = -3*p + 306. Calculate the greatest common divisor of w and 81.
9
Let f = 556 + -308. Suppose 3*a + g = 22, -3*g + 3 = 2*a - 7. Calculate the greatest common divisor of a and f.
8
Suppose 5*v - 13*x - 156 = -16*x, -3*v - 2*x + 93 = 0. Calculate the greatest common factor of 33 and v.
33
Let u = -598 - -604. Calculate the greatest common divisor of u and 50.
2
Suppose -26 + 107 = 9*f. Calculate the greatest common factor of f and 333.
9
Let v = -29 - -38. Let k = 62 + -44. Calculate the greatest common divisor of v and k.
9
Suppose -5*j - 7*j + 1440 = 0. Calculate the greatest common divisor of 24 and j.
24
Let t(p) = -50*p - 1. Let b be t(-1). Let k be 1/((-9)/36) - (-2 + -9). Calculate the highest common divisor of b and k.
7
Let b(i) = 2*i**3. Let o = -3 - -4. Let q be b(o). Let p(g) = g**3 + g**2 + g. Let j be p(q). Calculate the greatest common factor of j and 112.
14
Suppose 2*c + 10 = 0, -5*s + 2*c + 48 = -72. What is the greatest common factor of s and 363?
11
Suppose 5*y - j - 715 = y, 5*j = y - 155. Suppose 2*x + w - 450 = -3*x, w = -2*x + y. Calculate the greatest common factor of 10 and x.
10
Let x = 955 - 795. Calculate the greatest common factor of 144 and x.
16
Suppose -13*y + 234 = -195. Calculate the highest common factor of 1551 and y.
33
Suppose 29 = 2*h + 37. Let m be (-1*(8 - 3))/(h/8). Let v(p) = -17*p + 8. Let k be v(-6). What is the highest common factor of m and k?
10
Let o be (-8 - -29)/((-2)/(-6)). Calculate the highest common divisor of 27 and o.
9
Suppose 52 = -6*r + 4*r. Suppose -2*w + 5*w - 144 = 0. Let y = r + w. Calculate the greatest common divisor of 88 and y.
22
Let b be (-5 + -1)*(0 + 4/(-8)). Suppose 10*i = b*i + 441. What is the greatest common divisor of i and 7?
7
Let b = -69 + 115. Suppose 3*h + 0*h - 4*p = b, 2*h - 54 = -2*p. Suppose 10 - h = -2*u. Calculate the highest common factor of u and 18.
6
Suppose -95*p + 134*p - 65*p + 234 = 0. Suppose -5*r - n + 41 = 3*n, -r = 5*n - 4. Calculate the greatest common factor of p and r.
9
Suppose 34*d = 53*d - 19. Calculate the greatest common factor of d and 73.
1
Let d(o) = -o**2 + 16*o - 5. Let x = -47 - -57. Let h be d(x). What is the highest common divisor of 5 and h?
5
Suppose -13*g = 4*g - 187. Let j = g - -44. Calculate the greatest common divisor of j and 11.
11
Suppose -4*d - 4*z - 176 = 0, -d - 4*z - 98 = d. Let t = -24 - d. What is the greatest common divisor of t and 75?
15
Let w(j) = -j**2 + 19*j + 9. Let d be w(18). What is the highest common factor of d and 153?
9
Suppose 30 = 3*x - 4*w, w - 8 + 5 = -x. Let d(f) = 17*f**2 - f. Let c be d(-3). Calculate the greatest common divisor of x and c.
6
Let w = -706 + 714. What is the greatest common factor of w and 1?
1
Let g be (-10)/(-35) + (40/7)/1. Suppose g*v - 8*v = 3*h - 4, 4 = 2*v + h. What is the highest common factor of v and 32?
2
Let m = -1104 + 1449. Calculate the greatest common divisor of 75 and m.
15
Let n = -866 + 878. Calculate the highest common divisor of 492 and n.
12
Suppose -15 = 3*w - 0*w. Let m = 4 - w. Let d be 1*4*m/36. Calculate the greatest common factor of d and 8.
1
Let u be (1 + 0 + 2)*-1. Let o(j) be the first derivative of 4*j**3/3 - 3*j**2/2 - 3*j - 42. Let v be o(u). Calculate the greatest common factor of 6 and v.
6
Suppose 0 = -2*i + 6, 2*n - 28 = 4*n - 4*i. Let q(l) = l - 4. Let o be q(n). Let s = 14 + o. Calculate the greatest common divisor of 14 and s.
2
Suppose 0 = -2*c - 2*j + 456 - 116, 4*c + j - 665 = 0. Calculate the highest common divisor of c and 33.
33
Suppose 3*y - 9*y + 30 = 0. Suppose -b - h = -12, b - y*h + 12 = -6. Suppose 3*z = -0*z + 168. Calculate the greatest common factor of b and z.
7
Let g be (-1)/8 - (-2205)/168. Let w(n) = 3*n**2 + n - 10. Let l be w(-7). Calculate the highest common factor of g and l.